
13
Suppose 7*h - 6384 = -3073. What is the highest common divisor of h and 132?
11
Suppose 319*m + 882*m = 78065. Let v(b) = 12*b**2 + b. Let t be v(1). Calculate the greatest common divisor of t and m.
13
Let v(h) be the third derivative of -19*h**4/24 + h**3/6 + 25*h**2. Let o be v(-5). Let b = o - 90. What is the greatest common factor of 12 and b?
6
Suppose -3*n - a = 272, -9*n + 8*n = -2*a + 100. Suppose -f + 378 = -5*c - 171, 3*c + 347 = 5*f. Let p = n - c. What is the highest common divisor of 17 and p?
17
Let j be 722/5 + 234/(-585). Calculate the greatest common factor of j and 54.
18
Let p = 13 - 11. Suppose -4*x = -p*x - 44. Calculate the highest common factor of 143 and x.
11
Let x = 33 - 44. Let q = 14 - x. Let r be 1/((-2)/50*-5). Calculate the highest common divisor of r and q.
5
Let q(v) = v - 40. Let n(l) = 6*l + 11. Let j be n(1). Let i be q(j). Let g = 103 + i. What is the highest common factor of 32 and g?
16
Let f = -3 + 6. Let m = 0 + 1. Let a be ((-216)/(-126))/(m + (-12)/14). Calculate the greatest common factor of f and a.
3
Let h = 2 - 5. Let d be (h - (-248)/20)*5. Calculate the greatest common divisor of d and 376.
47
Suppose 5*k = -30, 0 = 6*y - 5*y + k - 510. What is the greatest common divisor of y and 473?
43
Suppose p - 2 - 1 = 0. Suppose 56*t = 60*t - 112. Let r = t - p. What is the greatest common divisor of 275 and r?
25
Let r = -136 - -205. Let a(j) = j**3 + 2*j**2 - j - 28. Let l be a(0). Let p = l + r. What is the highest common divisor of p and 41?
41
Suppose 130 = 35*f - 391 - 39. Calculate the greatest common divisor of 4448 and f.
16
Let s(a) = 15*a + 115. Let f(p) = 19*p + 127. Let i be f(-7). Let u be s(i). Calculate the greatest common factor of u and 15.
5
Suppose 27*r + 7000 = 162*r + 40*r. Calculate the greatest common divisor of 115 and r.
5
Let s be 12 - -10*(-7 - -16). Calculate the greatest common divisor of s and 765.
51
Suppose 0 = -2*x - 45 + 11. Let c = 59 + x. Calculate the greatest common factor of c and 84.
42
Let y be 15/(-10) - 3/(-2). Suppose 7*g - 10*g - 312 = y. Let i = g + 118. What is the greatest common factor of 21 and i?
7
Let r = -14 + 23. Let a(j) = -j**2 + 12*j + 2. Let k be a(4). Suppose 2*y = 4*m - k, 3*m - 4*y - 25 = -2*y. Calculate the highest common factor of m and r.
9
Let z be (25/5 + 1)/(-2). Let p be z/(-6) + (-5)/10. Suppose 41*j - 44*j + 135 = p. What is the greatest common factor of 75 and j?
15
Let k(a) = 2*a**2 - 55*a - 691. Let f be k(-23). What is the highest common divisor of 72 and f?
24
Let u = 62 + -28. Suppose 3*a + 120 = -4*h + a, h + 40 = -3*a. Let f = h + u. What is the highest common divisor of 24 and f?
6
Suppose -5*r - 72 = -6*r. Let j = -21 + r. Suppose -9 - 42 = -3*y. What is the highest common divisor of j and y?
17
Let u = -6199 - -10504. What is the highest common divisor of u and 70?
35
Let w = -1960 + 1976. What is the greatest common divisor of 152 and w?
8
Let h be -7 - 3/((-6)/8). Let z(t) = 35*t**2 + t - 6. Let u be z(h). What is the greatest common divisor of 136 and u?
34
Let k(q) = -14*q - 14. Let j be k(-6). Let d(s) = -11*s**2 + 1915*s + 64. Let c be d(174). Calculate the highest common divisor of j and c.
14
Let w = -1316 - -1341. Calculate the greatest common factor of 200 and w.
25
Suppose -2*p = 3*g - 777, 2*p + 2*g - 645 = 129. Suppose 0 = 897*c - 864*c - 396. What is the highest common divisor of p and c?
12
Let p = -803 - -1034. Let x(m) = 7*m + 154. Let z be x(0). Calculate the highest common factor of z and p.
77
Suppose -4*l + 2*u + 22 = 0, u - 2 = 1. Suppose -r - l*r + 168 = 0. Let b be (r/(-35))/((-3)/30). Calculate the greatest common divisor of 30 and b.
6
Let t = -68 + 59. Let z be 3/(t/(-12)*-1) + 12. Suppose -2*u + 6 + 10 = 0. What is the highest common factor of u and z?
8
Let o(n) = n**3 + 7*n**2 + 2*n - 19. Let d be o(-6). Suppose w - 144 = -d*k - 3*w, -2*k + 55 = -w. What is the greatest common divisor of 21 and k?
7
Let j = -939 - -948. Suppose 2*o + d - 18 - j = 0, -5*o = -d - 71. Let k be ((-231)/12)/((-1)/8). Calculate the greatest common divisor of o and k.
14
Let c(o) = -o**3 - 2*o**2 + 4*o + 17. Let i be c(-7). Suppose 240 = 5*y + 5*n, 5*y + n - i = -2. What is the greatest common factor of y and 23?
23
Let p be -7 - ((-1776)/(-18))/(3/(-9)). Calculate the highest common divisor of 136 and p.
17
Suppose -25*o - 21*o = -326*o + 1364160. Calculate the greatest common divisor of 1160 and o.
232
Let u(w) = 5*w**3 - 39*w**2 + 184*w - 80. Let i be u(12). Calculate the greatest common factor of 276 and i.
92
Let n(o) = -4*o + 74. Let m be n(-17). Let h = 282 - m. Calculate the greatest common divisor of h and 35.
35
Let i be 6/2*116677/165 - 2/5. What is the highest common divisor of 42 and i?
21
Let l be (-6)/5*-2*15. Suppose 2*i - 2*q - 14 = 0, 5*i - 8*q = -4*q + 34. Let r be ((-2)/i)/(8/(-192)). Calculate the greatest common factor of l and r.
4
Suppose 3*l = -5*k + k - 41, -2*k - 3*l - 25 = 0. Suppose -80*p = -41*p - 39. Let v be (k/(-5))/(p/5). Calculate the greatest common divisor of 88 and v.
8
Let v(y) = -y**3 - 103*y**2 - 9*y + 1578. Let q be v(-103). What is the greatest common divisor of q and 15?
15
Suppose -99*q = -13171 - 69098. Calculate the greatest common divisor of q and 21.
3
Let v(o) = 278*o + 2857. Let y be v(-10). Let n = 15 - 8. Calculate the greatest common factor of y and n.
7
Suppose 361 = -61*v + 666. Let z(f) = 3*f**2 - 3*f + 1. Let t be z(2). What is the greatest common divisor of v and t?
1
Suppose -240 = -2*g - 2*g. Let h = -25 + 29. Let x be 220/15 + (-2)/((-24)/h). Calculate the greatest common factor of g and x.
15
Suppose 52 = 13*y + 130. Let c(s) = s**3 + 9*s**2 + 7*s - 3. Let d be c(y). What is the greatest common divisor of 27 and d?
9
Suppose 5*v - o = -2*o + 447, 5*v = -3*o + 441. Let n be 267/9 - (-4)/12. Calculate the greatest common factor of v and n.
30
Let n(k) = -7*k + 3. Let m be n(-3). Let o be ((-10)/6 + 2)*m. Let q(v) = -v**2 + 35*v - 298. Let h be q(20). What is the greatest common factor of h and o?
2
Let g(u) = 10*u - 8. Let o be g(2). Suppose 2*w - 2*n + 19 = -w, w = -5*n - o. Let a be (2/6)/(w/63) + 33. Calculate the highest common factor of 10 and a.
10
Let u = -12645 - -13425. Calculate the highest common divisor of u and 2262.
78
Suppose 4*q - 255 = 3*d, -2*q + 0*d - 4*d + 144 = 0. Suppose -q = -4*x + 18. Let y = -56898 - -56912. Calculate the greatest common divisor of y and x.
7
Suppose -2*d = 132 - 20. Let a = d - -80. Let j = -722 + 728. Calculate the greatest common factor of a and j.
6
Let l be (96/21)/(2438/483 + -5). What is the highest common divisor of 5056 and l?
32
Let g be ((-12)/10 - -2)/((-2)/(-20)). Let n = -130 - -184. Suppose n = 4*u - 42. What is the greatest common divisor of g and u?
8
Suppose 700*a + 171684 = 694*a. Let q be a/(-45) - -2 - 60/(-450). What is the greatest common factor of 22 and q?
22
Suppose 9792 = 28*o - 11*o. Suppose -195*p - o = -198*p. What is the greatest common factor of p and 72?
24
Let r(p) = 13*p**3 - 31*p**2 + 15*p. Let z be r(4). Calculate the highest common factor of 108 and z.
36
Suppose 5*y + 6 - 1 = 0, 130 = -2*j + 4*y. Let b = j + 77. Let q = -4 + b. What is the greatest common divisor of q and 42?
6
Let h be 3/2*16/12. Let o = 1099 - 465. Suppose 642*v - 16 = o*v. What is the greatest common divisor of h and v?
2
Let u(c) = 2*c - 12. Let z be u(11). Suppose -z + 16 = -n. Let p be (3/(-6))/(n/108). What is the highest common divisor of 27 and p?
9
Let k = -336 + 336. Suppose -m + 27 + 7 = k. What is the highest common factor of 136 and m?
34
Let x be (4 - 1 - 1) + (8/4 - -548). What is the highest common divisor of x and 759?
69
Let g = 55 + -45. Let v(b) = b**3 - 10*b**2 + b + 6. Let u be v(g). Calculate the greatest common factor of u and 8.
8
Let r = 1365 - 735. Let c be r/(-12)*2/(-3). Calculate the greatest common factor of 14 and c.
7
Let x = -17 + 37. Let m = x - 10. Let s = -433 + 523. What is the greatest common divisor of s and m?
10
Suppose -2*s = -3*n + 25, n = 25*s - 28*s - 32. Let x be (264/(-14))/s*35. What is the greatest common factor of x and 210?
30
Let a = -21 + 24. Suppose 3*w = -a*b + 54, w = -0*b - 5*b + 38. Let v = w - -3. What is the highest common factor of v and 32?